{"id":87,"date":"2023-05-05T13:25:15","date_gmt":"2023-05-05T13:25:15","guid":{"rendered":"https:\/\/rotary-club-kranj.si\/?page_id=87"},"modified":"2023-05-05T13:25:15","modified_gmt":"2023-05-05T13:25:15","slug":"obnova-reintegracijskega-centra-vincenca-drakslerja-restoration-of-the-reintegration-center-vincent-draksler","status":"publish","type":"page","link":"https:\/\/rotary-club-kranj.si\/index.php\/projekti-projects\/obnova-reintegracijskega-centra-vincenca-drakslerja-restoration-of-the-reintegration-center-vincent-draksler\/","title":{"rendered":"Obnova reintegracijskega centra Vincenca Drakslerja \/ Restoration of the reintegration center Vincent Draksler"},"content":{"rendered":"\n<p>Prenova regijskega reintegracijskega centra za ozdravljene odvisnike v Pristavi pri Tr\u017ei\u010du.<br>\u010clani Rotary kluba Kranj smo s svojim brezpla\u010dnim delom in finan\u010dno donacijo 45.000\u20ac v sodelovanju z Rotary International omogo\u010dili prenovo zgornjega nadstropja centra Vincenca Drakslerja.<\/p>\n\n\n\n<p><em>Renovation of the regional reintegration center for healed addicts in Pristav pri Tr\u017ei\u010du.<br>Members of the Rotary Club Kranj, with their free work and financial donation, provided \u20ac 45,000 in cooperation with Rotary International to renovate the upper floor of the center of Vincent Draksler.<\/em><\/p>\n","protected":false},"excerpt":{"rendered":"<p>Prenova regijskega reintegracijskega centra za ozdravljene odvisnike v Pristavi pri Tr\u017ei\u010du.\u010clani Rotary kluba Kranj smo s svojim brezpla\u010dnim delom in finan\u010dno donacijo 45.000\u20ac v sodelovanju z Rotary International omogo\u010dili prenovo zgornjega nadstropja centra Vincenca Drakslerja. Renovation of the regional reintegration center for healed addicts in Pristav pri Tr\u017ei\u010du.Members of the Rotary Club Kranj, with their &hellip; <\/p>\n<p class=\"link-more\"><a href=\"https:\/\/rotary-club-kranj.si\/index.php\/projekti-projects\/obnova-reintegracijskega-centra-vincenca-drakslerja-restoration-of-the-reintegration-center-vincent-draksler\/\" class=\"more-link\">Read more<span class=\"screen-reader-text\"> &#8220;Obnova reintegracijskega centra Vincenca Drakslerja \/ Restoration of the reintegration center Vincent Draksler&#8221;<\/span><\/a><\/p>\n","protected":false},"author":2,"featured_media":0,"parent":5,"menu_order":4,"comment_status":"closed","ping_status":"closed","template":"","meta":{"footnotes":""},"class_list":["post-87","page","type-page","status-publish","hentry"],"_links":{"self":[{"href":"https:\/\/rotary-club-kranj.si\/index.php\/wp-json\/wp\/v2\/pages\/87","targetHints":{"allow":["GET"]}}],"collection":[{"href":"https:\/\/rotary-club-kranj.si\/index.php\/wp-json\/wp\/v2\/pages"}],"about":[{"href":"https:\/\/rotary-club-kranj.si\/index.php\/wp-json\/wp\/v2\/types\/page"}],"author":[{"embeddable":true,"href":"https:\/\/rotary-club-kranj.si\/index.php\/wp-json\/wp\/v2\/users\/2"}],"replies":[{"embeddable":true,"href":"https:\/\/rotary-club-kranj.si\/index.php\/wp-json\/wp\/v2\/comments?post=87"}],"version-history":[{"count":1,"href":"https:\/\/rotary-club-kranj.si\/index.php\/wp-json\/wp\/v2\/pages\/87\/revisions"}],"predecessor-version":[{"id":88,"href":"https:\/\/rotary-club-kranj.si\/index.php\/wp-json\/wp\/v2\/pages\/87\/revisions\/88"}],"up":[{"embeddable":true,"href":"https:\/\/rotary-club-kranj.si\/index.php\/wp-json\/wp\/v2\/pages\/5"}],"wp:attachment":[{"href":"https:\/\/rotary-club-kranj.si\/index.php\/wp-json\/wp\/v2\/media?parent=87"}],"curies":[{"name":"wp","href":"https:\/\/api.w.org\/{rel}","templated":true}]}}