{"id":5,"date":"2023-05-05T10:28:26","date_gmt":"2023-05-05T10:28:26","guid":{"rendered":"https:\/\/rotary-club-kranj.si\/?page_id=5"},"modified":"2026-03-24T08:09:31","modified_gmt":"2026-03-24T08:09:31","slug":"projekti-projects","status":"publish","type":"page","link":"https:\/\/rotary-club-kranj.si\/index.php\/projekti-projects\/","title":{"rendered":"Projekti \/ Projects"},"content":{"rendered":"\n<h2 class=\"wp-block-heading\">Tudi ti si Angel \/ You are an Angel too<\/h2>\n\n\n\n<p>Rotary Klub Kranj je v sodelovanju s \u010dlanom kluba Janezom \u0160trosom v mesecu decembru leta 2016, ob izdaji njegove knjige z naslovom TUDI TI SI ANGEL, pri\u010del s posebnim projektom, to je projektom pomo\u010di otrokom s posebnimi potrebami.<\/p>\n\n\n\n<p class=\"has-text-color has-link-color wp-elements-08325b76fba73d67dae07f9355dd54a7\" style=\"color:#4400fe\"><a href=\"https:\/\/rotary-club-kranj.si\/index.php\/projekti-projects\/tudi-ti-si-angel-you-are-an-angel-too\/\" data-type=\"URL\" data-id=\"https:\/\/rotary-club-kranj.si\/index.php\/projekti-projects\/tudi-ti-si-angel-you-are-an-angel-too\/\">Ve\u010d \/ More<\/a><\/p>\n\n\n\n<figure class=\"wp-block-image size-full\"><a href=\"https:\/\/rotary-club-kranj.si\/index.php\/projekti-projects\/tudi-ti-si-angel-you-are-an-angel-too\/\"><img loading=\"lazy\" decoding=\"async\" width=\"210\" height=\"118\" src=\"https:\/\/rotary-club-kranj.si\/wp-content\/uploads\/2023\/05\/Angel-Logo.png\" alt=\"\" class=\"wp-image-69\"\/><\/a><\/figure>\n\n\n\n<hr class=\"wp-block-separator has-alpha-channel-opacity is-style-wide\"\/>\n\n\n\n<h2 class=\"wp-block-heading\">Robotska rehabilitacijska rokavica \/ Robotic rechabilitation glove<\/h2>\n\n\n\n<p>Rotary klub Kranj s projektom&nbsp;<strong>Tudi ti si Angel<\/strong>&nbsp;podpira&nbsp;<strong>Center Korak Kranj<\/strong>&nbsp;pri nakupu&nbsp;<strong>robotske rehabilitacijske rokavice Gloreha R-Touch Easy<\/strong>, sodobne naprave, namenjene rehabilitaciji dlani in prstov po nevrolo\u0161kih po\u0161kodbah. \/ <em>Rotary Club Kranj and project&nbsp;<strong>You are an Angel too<\/strong>&nbsp;are supporting&nbsp;<strong>Center Korak Kranj<\/strong>&nbsp;in the purchase of a&nbsp;<strong>robotic rehabilitation glove \u2013 Gloreha R-Touch Easy<\/strong>, a modern device used for hand and finger rehabilitation after neurological injuries.<\/em><\/p>\n\n\n\n<p class=\"has-text-color has-link-color wp-elements-6f4f3320f2108cb8c3cab484ecc4b3e5\" style=\"color:#0033ff\"><a href=\"https:\/\/rotary-club-kranj.si\/index.php\/robotska-rehabilitacijska-rokavica-robotic-rechabilitation-glove\/\">Ve\u010d \/ More<\/a><\/p>\n\n\n\n<figure class=\"wp-block-image size-full\"><img loading=\"lazy\" decoding=\"async\" width=\"945\" height=\"695\" src=\"https:\/\/rotary-club-kranj.si\/wp-content\/uploads\/2026\/02\/Gloreha-R-Touch-Easy.jpg\" alt=\"\" class=\"wp-image-627\" srcset=\"https:\/\/rotary-club-kranj.si\/wp-content\/uploads\/2026\/02\/Gloreha-R-Touch-Easy.jpg 945w, https:\/\/rotary-club-kranj.si\/wp-content\/uploads\/2026\/02\/Gloreha-R-Touch-Easy-300x221.jpg 300w\" sizes=\"auto, (max-width: 945px) 100vw, 945px\" \/><\/figure>\n\n\n\n<hr class=\"wp-block-separator has-alpha-channel-opacity is-style-wide\"\/>\n\n\n\n<h2 class=\"wp-block-heading\">Poletna \u0161ola: \u201cPot do uspeha\u201d \/ <em>Summer School: \u201cThe Path to Success\u201d<\/em><\/h2>\n\n\n\n<p>Podpiramo Rotaract Kranj, ki so-organizira brezpla\u010dno 5 dnevno poletno \u0161olo za dijake, na kateri bodo slednji pridobili uporabna znanja s podro\u010dij mehkih ve\u0161\u010din, osebnih financ, kariernih in podjetni\u0161kih strategij, vrednot in motivacije za uresni\u010ditev svojih potencialov. Prvi\u010d so jo izvedli avgusta 2019.<\/p>\n\n\n\n<p class=\"has-text-color has-link-color wp-elements-11163f1078e54768b4b4cb95e54361d3\" style=\"color:#1500fe\"><a href=\"https:\/\/www.rotaract-kranj.org\/\" target=\"_blank\" rel=\"noreferrer noopener\">Ve\u010d o poletni \u0161oli &#8230;<\/a><\/p>\n\n\n\n<p><em>We support Rotaract Kranj, which co-organizes a free 5-day summer school for students, where they will gain practical knowledge in the areas of soft skills, personal finance, career and entrepreneurial strategies, values, and motivation to realize their potential. It was first held in August 2019.<\/em><\/p>\n\n\n\n<figure class=\"wp-block-image size-full is-resized\"><img loading=\"lazy\" decoding=\"async\" width=\"1024\" height=\"683\" src=\"https:\/\/rotary-club-kranj.si\/wp-content\/uploads\/2026\/03\/SummerSchool.jpg\" alt=\"\" class=\"wp-image-697\" style=\"width:934px;height:auto\" srcset=\"https:\/\/rotary-club-kranj.si\/wp-content\/uploads\/2026\/03\/SummerSchool.jpg 1024w, https:\/\/rotary-club-kranj.si\/wp-content\/uploads\/2026\/03\/SummerSchool-300x200.jpg 300w\" sizes=\"auto, (max-width: 1024px) 100vw, 1024px\" \/><\/figure>\n\n\n\n<hr class=\"wp-block-separator has-alpha-channel-opacity is-style-wide\"\/>\n\n\n\n<h2 class=\"wp-block-heading\">Peljimo otroke na morje \/ Let\u2019s take the children to the sea<\/h2>\n\n\n\n<p>Vsako leto peljemo skupino otrok na letovanje na Debeli rti\u010d, letos bo \u017ee \u0161esti\u010d. Vsakokrat peljemo 12 \u2013 14 otrok, do sedaj smo peljali preko 90 otrok. Vodja projekta je Barbara Tav\u010dar. <\/p>\n\n\n\n<p>Every year, we take a group of children on a holiday on Debeli Rti\u010d, this year it will be sixth. Twelve to 14 children are taken each time, and we have taken more than 90 children to date. Thpeljimo-otroke-na-morje-lets-take-the-children-to-the-seae project manager is Barbara Tav\u010dar. <\/p>\n\n\n\n<p class=\"has-text-color has-link-color wp-elements-f8fc5ea0ef0574050dc9e4ebc30b1937\" style=\"color:#4400fe\"><a href=\"https:\/\/rotary-club-kranj.si\/index.php\/projekti-projects\/peljimo-otroke-na-morje-lets-take-the-children-to-the-sea\/\" data-type=\"URL\" data-id=\"https:\/\/rotary-club-kranj.si\/index.php\/projekti-projects\/peljimo-otroke-na-morje-lets-take-the-children-to-the-sea\/\">Ve\u010d \/ More<\/a><\/p>\n\n\n\n<figure class=\"wp-block-image size-large\"><a href=\"peljimo-otroke-na-morje-lets-take-the-children-to-the-sea\"><img loading=\"lazy\" decoding=\"async\" width=\"1024\" height=\"768\" src=\"https:\/\/rotary-club-kranj.si\/wp-content\/uploads\/2023\/05\/Debeli-rtic-2-1024x768.jpg\" alt=\"\" class=\"wp-image-78\" srcset=\"https:\/\/rotary-club-kranj.si\/wp-content\/uploads\/2023\/05\/Debeli-rtic-2-1024x768.jpg 1024w, https:\/\/rotary-club-kranj.si\/wp-content\/uploads\/2023\/05\/Debeli-rtic-2-300x225.jpg 300w, https:\/\/rotary-club-kranj.si\/wp-content\/uploads\/2023\/05\/Debeli-rtic-2-768x576.jpg 768w, https:\/\/rotary-club-kranj.si\/wp-content\/uploads\/2023\/05\/Debeli-rtic-2-1536x1152.jpg 1536w, https:\/\/rotary-club-kranj.si\/wp-content\/uploads\/2023\/05\/Debeli-rtic-2.jpg 2048w\" sizes=\"auto, (max-width: 1024px) 100vw, 1024px\" \/><\/a><\/figure>\n\n\n\n<hr class=\"wp-block-separator has-alpha-channel-opacity is-style-wide\"\/>\n\n\n\n<h2 class=\"wp-block-heading\">Robotiko v vsako osnovno \u0161olo \/ Robotics at every elementary school<\/h2>\n\n\n\n<p>Projekt je namenjen zbiranju sredstev za opremljanje u\u010dilnic robotike. <br><em>The project is intended to raise funds for equipping robotics classrooms.<\/em><\/p>\n\n\n\n<p class=\"has-text-color has-link-color wp-elements-e9c385fb1dc4ca267ccaefe9f43759f2\" style=\"color:#4400fe\"><a href=\"https:\/\/rotary-club-kranj.si\/index.php\/projekti-projects\/robotiko-v-vsako-osnovno-solo-robotics-at-every-elementary-school\/\" data-type=\"URL\" data-id=\"https:\/\/rotary-club-kranj.si\/index.php\/projekti-projects\/robotiko-v-vsako-osnovno-solo-robotics-at-every-elementary-school\/\">Ve\u010d \/ More<\/a><\/p>\n\n\n\n<hr class=\"wp-block-separator has-alpha-channel-opacity is-style-wide\"\/>\n\n\n\n<h2 class=\"wp-block-heading\">Obnova reintegracijskega centra Vincenca Drakslerja \/ Restoration of the reintegration center Vincent Draksler<\/h2>\n\n\n\n<p>Prenova regijskega reintegracijskega centra za ozdravljene odvisnike v Pristavi pri Tr\u017ei\u010du.<br><em>Renovation of the regional reintegration center for healed addicts in Pristav pri Tr\u017ei\u010du.<\/em><\/p>\n\n\n\n<p class=\"has-text-color has-link-color wp-elements-69c0d1f70a6bccaea78a10cc2c9a477b\" style=\"color:#4400fe\"><br><a href=\"https:\/\/rotary-club-kranj.si\/index.php\/projekti-projects\/obnova-reintegracijskega-centra-vincenca-drakslerja-restoration-of-the-reintegration-center-vincent-draksler\/\" data-type=\"URL\" data-id=\"https:\/\/rotary-club-kranj.si\/index.php\/projekti-projects\/obnova-reintegracijskega-centra-vincenca-drakslerja-restoration-of-the-reintegration-center-vincent-draksler\/\">Ve\u010d \/ More<\/a><\/p>\n\n\n\n<hr class=\"wp-block-separator has-alpha-channel-opacity is-style-wide\"\/>\n\n\n\n<h2 class=\"wp-block-heading\">Pretekli projekti \/ Projects in the past<\/h2>\n\n\n\n<p class=\"has-text-color has-link-color wp-elements-0d86db1917034dea325e60d4ab07e198\" style=\"color:#4400fe\"><\/p>\n\n\n\n<ul class=\"wp-block-list\">\n<li>Re\u0161evalni avto za Zdravstveni dom Kranj \/&nbsp;<em>Rescue car for the Health Center Kranj<\/em><\/li>\n\n\n\n<li>Sponzorji spomenika Ivane Kobilice, Podbrezje \/&nbsp;<em>Sponsors of the monument of Ivana Kobilica, Podbrezje<\/em><\/li>\n\n\n\n<li>Sponzorji obnove muzejskega eksponata \u2013 \u0161\u010dita pri izkopaninah, Kranj \/&nbsp;<em>Sponsors of the renovation of the museum exhibit \u2013 shield in excavations, Kranj<\/em><\/li>\n\n\n\n<li>Prikolica za invalidski vozi\u010dek, Ptuj \/&nbsp;<em>Wheelchair trailer, Ptuj<\/em><\/li>\n\n\n\n<li>Pomo\u010d mami samohranilki, \u0160en\u010dur \/&nbsp;<em>Help for single mother, \u0160en\u010dur<\/em><\/li>\n\n\n\n<li>Opremili otro\u0161ke sobe po po\u017earu, Stra\u017ei\u0161\u010de \/&nbsp;<em>Furnished children\u2019s rooms after a fire, Stra\u017ei\u0161\u010de<\/em><\/li>\n\n\n\n<li>Sponzorji klimatske naprave v Bolni\u0161nici Jesenice \/&nbsp;<em>Air conditioning sponsors at the Jesenic<\/em>e Hospital<\/li>\n\n\n\n<li>\u0160tipendiranje nadarjenih \u0161tudentov \/&nbsp;<em>Scholarship for gifted students<\/em><\/li>\n\n\n\n<li>Pla\u010dilo terapij po\u0161kodovancu po po\u0161kodbi glave \/ Payment of treatment to the injured person after a head injury<\/li>\n\n\n\n<li>Nakup inkubatorja, Porodni\u0161nica Kranj \/&nbsp;<em>Purchase of incubator, Maternity hospital Kranj<\/em><\/li>\n\n\n\n<li>Varna hi\u0161a \/&nbsp;<em>A safe house<\/em><\/li>\n\n\n\n<li>In\u0161trumenti za Glasbeno \u0161olo Kranj \/&nbsp;<em>Instruments for Music School Kranj<\/em><\/li>\n\n\n\n<li>Po\u0161kodbe glave VDC \/&nbsp;<em>Injuries of the head VDC<\/em><\/li>\n\n\n\n<li>Donacija za dom za ozdravljene odvisnike, Pristava pri Tr\u017ei\u010du, 40.000 \u20ac \/&nbsp;<em>Donation for a home for healed addicts, Pristava near Tr\u017ei\u010d, \u20ac 40,000<\/em><\/li>\n<\/ul>\n\n\n\n<p><\/p>\n","protected":false},"excerpt":{"rendered":"<p>Tudi ti si Angel \/ You are an Angel too Rotary Klub Kranj je v sodelovanju s \u010dlanom kluba Janezom \u0160trosom v mesecu decembru leta 2016, ob izdaji njegove knjige z naslovom TUDI TI SI ANGEL, pri\u010del s posebnim projektom, to je projektom pomo\u010di otrokom s posebnimi potrebami. Ve\u010d \/ More Robotska rehabilitacijska rokavica \/ &hellip; <\/p>\n<p class=\"link-more\"><a href=\"https:\/\/rotary-club-kranj.si\/index.php\/projekti-projects\/\" class=\"more-link\">Read more<span class=\"screen-reader-text\"> &#8220;Projekti \/ Projects&#8221;<\/span><\/a><\/p>\n","protected":false},"author":2,"featured_media":0,"parent":0,"menu_order":0,"comment_status":"closed","ping_status":"closed","template":"templates\/fullwidth.php","meta":{"footnotes":""},"class_list":["post-5","page","type-page","status-publish","hentry"],"_links":{"self":[{"href":"https:\/\/rotary-club-kranj.si\/index.php\/wp-json\/wp\/v2\/pages\/5","targetHints":{"allow":["GET"]}}],"collection":[{"href":"https:\/\/rotary-club-kranj.si\/index.php\/wp-json\/wp\/v2\/pages"}],"about":[{"href":"https:\/\/rotary-club-kranj.si\/index.php\/wp-json\/wp\/v2\/types\/page"}],"author":[{"embeddable":true,"href":"https:\/\/rotary-club-kranj.si\/index.php\/wp-json\/wp\/v2\/users\/2"}],"replies":[{"embeddable":true,"href":"https:\/\/rotary-club-kranj.si\/index.php\/wp-json\/wp\/v2\/comments?post=5"}],"version-history":[{"count":16,"href":"https:\/\/rotary-club-kranj.si\/index.php\/wp-json\/wp\/v2\/pages\/5\/revisions"}],"predecessor-version":[{"id":698,"href":"https:\/\/rotary-club-kranj.si\/index.php\/wp-json\/wp\/v2\/pages\/5\/revisions\/698"}],"wp:attachment":[{"href":"https:\/\/rotary-club-kranj.si\/index.php\/wp-json\/wp\/v2\/media?parent=5"}],"curies":[{"name":"wp","href":"https:\/\/api.w.org\/{rel}","templated":true}]}}